 14 + 10 = l, -265 = -5*l - 4*b. Let j be l/4 + (-2)/8. Calculate the highest common factor of 6 and j.
6
Let f = 48 + -16. Calculate the highest common factor of f and 4.
4
Let q be (-7)/(14/(-8)) - 0. Suppose -2*j + q + 12 = 0. What is the greatest common factor of 40 and j?
8
Let w(j) = 2*j**2 - 15*j - 9. Let q be w(15). Calculate the highest common divisor of q and 24.
24
Let s(d) = -d**2 + 8*d + 22. Let y be s(8). Calculate the highest common divisor of 110 and y.
22
Suppose n + 4 - 9 = 0. Suppose -n*b = -3*t + 234 - 33, 0 = 4*t + 3*b - 297. Calculate the greatest common divisor of t and 8.
8
Suppose -3*t - 12 = 3, -11 = 4*s - 5*t. Let g = 49 + s. Suppose 0*q + 48 = 3*q. Calculate the highest common factor of q and g.
8
Let s = -19 + 59. Calculate the greatest common divisor of s and 8.
8
Suppose -2 = 3*k + 4. Let r be 0 + 1 + (-14)/k. What is the highest common factor of r and 80?
8
Let x = 48 + -13. What is the greatest common divisor of x and 7?
7
Let y = 30 - 27. Calculate the highest common divisor of 3 and y.
3
Let t be (-42)/(-1*(-6)/(-45)). Suppose -3*o + t = -3*j, 5*o + j - 187 = 332. Let h = 41 - 28. Calculate the highest common factor of h and o.
13
Let f = 156 - 84. Let a(h) = -h**3 + 2*h**2 - 2*h - 2. Let g be a(-2). Calculate the highest common divisor of g and f.
18
Let w(d) = 4*d - 7. Let b be w(5). Let v = -53 - -92. Calculate the greatest common divisor of b and v.
13
Let n(x) = 15*x**3 + 1 + 2*x - 5*x + x. Suppose 4*m = f + 8 - 25, 2*m = 2*f - 10. Let t be n(f). Calculate the greatest common factor of 21 and t.
7
Let n = 28 + -17. Let u(x) = x**3 + 5*x**2 + 3. Let y be u(-5). Let o be 46 - ((-3)/y + 3). Calculate the highest common factor of n and o.
11
Let b(v) = -v**3 - 1. Let x be b(-2). What is the highest common divisor of 7 and x?
7
Let y = -49 - -67. What is the highest common factor of 9 and y?
9
Let b(d) = d**2 - 14*d + 42. Let k be b(11). Let h be 0*(-2)/4 + -1. Let n be 0 + h*1 + 7. What is the highest common divisor of k and n?
3
Let v be 2/(2 + 9/(-6)). Calculate the greatest common factor of 20 and v.
4
Let x(v) = -27*v - 25. Let c be x(-3). What is the highest common divisor of c and 14?
14
Let q = -16 + 10. Let u(p) = -4*p. Let d be u(q). What is the greatest common divisor of 3 and d?
3
Suppose 7*k - 3*k - 40 = 0. Calculate the greatest common factor of 70 and k.
10
Let h be (-14)/(-4)*24/42. Suppose 2*o + 0 - h = 0. Calculate the highest common factor of o and 9.
1
Let y(c) = c**3 + 5*c**2 + c + 7. Let n be y(4). Calculate the highest common divisor of n and 31.
31
Suppose 17 = -5*n - 13. Let k = n + 17. Calculate the highest common factor of k and 1.
1
Let b be 3/((4 + -7)/(-9)). What is the highest common factor of 6 and b?
3
Let w = -3 - -27. Calculate the greatest common factor of w and 36.
12
Let y = 11 - 21. Let c be (-24)/(-5) + (-2)/y. What is the greatest common divisor of 1 and c?
1
Let y(o) = 20*o + 1. Let w be y(4). Calculate the greatest common divisor of w and 9.
9
Let i = -634 + 986. What is the highest common factor of i and 44?
44
Let i(v) = 0 + 5 - v + 0*v. Let d be 140/(-24) - 3/18. Let x be i(d). Calculate the greatest common factor of x and 11.
11
Let i = -7 - -10. Suppose 0*y + 5*y = 5. Suppose -y = -2*h + 11. Calculate the greatest common divisor of h and i.
3
Suppose o - 108 = -3*o. Calculate the highest common divisor of 9 and o.
9
Suppose -303 = -4*u + u - 2*f, 5*f = -3*u + 312. What is the highest common divisor of u and 9?
9
Let s be ((-3)/4)/(1/(-12)). Calculate the greatest common divisor of 18 and s.
9
Suppose 0*t = -4*t. Let h(u) = -u - 30. Let a be h(t). Let q be a/2*(-6)/10. What is the greatest common factor of 72 and q?
9
Let q be 14/(-18) - (-8)/(-36). Let w be (q + 2)/(5/30). Let k = w + 39. Calculate the highest common divisor of k and 18.
9
Let a = -52 + 97. What is the greatest common divisor of a and 30?
15
Let y be (-1)/2 - (-54)/12. Suppose 0 = 2*h + 2*r + 28, -3*r - 1 + y = 0. Let z be (-141)/h - 2/5. What is the greatest common factor of 3 and z?
3
Let i(o) = o**2 + 3*o + 4. Let n be 4/16 + (-26)/8. Let c be i(n). Calculate the greatest common divisor of c and 2.
2
Let t = 45 + -10. Suppose 0 = -4*x + 8*x + h - 41, -5*h = 3*x - t. Calculate the highest common factor of 70 and x.
10
Let n(s) = -s**3 - 6*s**2 + 6*s + 2. Let x be n(-7). Calculate the greatest common divisor of 27 and x.
9
Let j be 2/5 + (-28)/(-5). Suppose j*w - w = 80. Suppose 6*x = 4*x + 80. Calculate the greatest common divisor of w and x.
8
Let a(p) = -p**2 + 8*p - 8. Let y be a(8). Let d be 2/y - 1732/(-16). Calculate the greatest common divisor of d and 12.
12
Let x be (0 + 1)/(2/174). What is the greatest common factor of x and 29?
29
Suppose 3*f + q - 13 = 0, -3*f - 2 - 5 = 5*q. Calculate the greatest common factor of 12 and f.
6
Let a be (-2 + 4)*18/4. Suppose -5*p = -a*p + 68. Calculate the highest common divisor of p and 187.
17
Let w = 32 - 29. Calculate the highest common divisor of 3 and w.
3
Let a be 450/20 - ((-3)/(-2) - 1). What is the greatest common divisor of 22 and a?
22
Let o(x) be the third derivative of -x**6/120 + x**5/4 + x**4/12 - 7*x**3/3 + 6*x**2. Let r be o(15). Calculate the greatest common factor of r and 64.
16
Let r(g) = -23*g + 12. Let h be r(-4). Calculate the greatest common factor of h and 13.
13
Suppose 0*f = 8*f - 56. What is the highest common factor of f and 63?
7
Let c(v) = 4*v**2 - 8*v. Let p be c(8). Suppose -3*r + 96 = r. Calculate the greatest common factor of p and r.
24
Let l be ((-51)/17)/((-6)/506). What is the highest common factor of 23 and l?
23
Suppose 2*s + u + 24 = -3*s, -u = 2*s + 9. Let v = 37 - s. What is the greatest common factor of 21 and v?
21
Let z = -37 + 5. Let q be ((-12)/2)/(24/z). What is the greatest common divisor of 16 and q?
8
Let x(n) = -4*n + 1. Let w(q) = q**3 + 5*q**2 - 1. Let g be w(-5). Let d be x(g). Calculate the highest common factor of d and 55.
5
Let k = 140 + -133. Calculate the greatest common factor of k and 14.
7
Let u(z) = 2*z**2 + 13*z + 10. Let q be u(-8). Let s = -10 + q. Suppose -8 = -4*x + s. What is the highest common divisor of 2 and x?
2
Let y be (-2 + 4)/(-2) - -2. Suppose l + 4*n = 22, 3*n - 21 = -4*l + 2. What is the greatest common factor of y and l?
1
Suppose -4*w - 5*n - 18 = -67, -71 = -5*w - 3*n. Calculate the greatest common divisor of w and 40.
8
Let f be 8/(-20) - (-32)/5. Let p be (-5*1)/((-3)/f). Suppose -4*u - 124 + 564 = 0. Calculate the highest common divisor of p and u.
10
Let k = -6 - -136. What is the greatest common factor of 52 and k?
26
Suppose 0 = -j - 2, -2*j - 39 = -5*i - 0*j. Calculate the greatest common factor of i and 28.
7
Let m(k) = -k**2 + 8*k - 5. Let d be m(4). What is the highest common factor of d and 77?
11
Suppose 5*q - p - 8 = 5, -2*q + 2*p = -2. Suppose -q*l + 5 = -2*l. Suppose -81 = -l*t - 6. What is the greatest common factor of t and 75?
15
Let y be 278 - (10 - 1)/3. Let s(a) = -4*a**2 + 3*a. Let f be s(3). Let u = f + 52. Calculate the greatest common factor of u and y.
25
Let g = -18 - -19. Let u(t) = 116*t**2 - t. Let w be u(g). Calculate the greatest common factor of 46 and w.
23
Let f be (11/(-3))/(3*(-5)/45). What is the highest common factor of 33 and f?
11
Let o(v) = -v**3 + 8*v**2 - 10*v + 6. Let u be o(6). What is the highest common divisor of u and 18?
18
Let r = -60 + 144. Let y be (9 + -3)/((-2)/(-4)). What is the highest common factor of y and r?
12
Suppose 3*l = -3*y, 0*y - 7 = -5*l + 2*y. Let q = 10 + -7. Suppose -q*b = -0*b - 12. Calculate the greatest common divisor of b and l.
1
Let r be 10 + 0/(6/2). Let w be (315/r)/(1/2). Suppose 0 = -3*y + 3*f + w, 3*y - y - 48 = 4*f. What is the highest common factor of 45 and y?
9
Let w(v) = 5*v + 2. Let c be w(6). Let f(r) = 7*r**2 - 6 + r**3 + 0*r**3 + 0*r**3 - 2*r. Let n be f(-7). What is the highest common factor of n and c?
8
Let f be 42/315 + 493/15. Calculate the greatest common factor of 231 and f.
33
Suppose 15 = 5*h, q + 25 = 3*q - 5*h. What is the highest common divisor of q and 30?
10
Suppose 2*b - s - 37 = 0, 3*b - 51 = s + 2*s. Suppose t + 30 = -2*t. Let c = -6 - t. Calculate the greatest common divisor of b and c.
4
Let q be (-4)/(-14) - 496/(-28). Calculate the greatest common